5 is divided by i.
15
Suppose 0 = 7*t - t - 48. Let z be (-4)/(-16) - (2 + (-54)/t). Suppose 3*a + 23 = z*c - 0*a, -4*c - a = -32. What is the remainder when 11 is divided by c?
4
Let u(g) = -g**3 + 36*g**2 - 325*g + 54. Let x(k) = -27*k - 4. Calculate the remainder when x(-3) is divided by u(17).
17
Let c(b) = -7*b**3 - 5*b - 5. Suppose 550 = 5*k + 560. What is the remainder when c(k) is divided by 16?
13
Let z be (-25)/15 + ((-4304)/6)/(-2). Suppose -2*g = 5*n + 426, g = -4*g - 5*n - 1035. Let j = g + z. Calculate the remainder when j is divided by 31.
30
Let f(x) = x**3 - 3*x**2 - x + 14. Suppose 0 = 20*w - 13*w - 21. Calculate the remainder when 43 is divided by f(w).
10
Let h = -106 + 106. Let c(a) = -2*a + 11. What is the remainder when 90 is divided by c(h)?
2
Let d = 542 + -509. Suppose 5*o - 42 = -12. Let q = d + o. What is the remainder when q is divided by 5?
4
Let z be (1 + 0)/(5/20). Suppose z*s = 16, 18 = -p + 5*s + 109. What is the remainder when p is divided by 28?
27
Let s = -28 - -74. Suppose 2*k - 3*m + 643 = 0, m - 6*m - 1319 = 4*k. Let v = k - -461. What is the remainder when v is divided by s?
43
Let c(p) = 4*p - 35. Let m(i) = -8*i + 70. Let s(g) = 7*c(g) + 4*m(g). Let u be s(-6). Suppose -2*d = -u + 43. What is the remainder when 71 is divided by d?
7
Suppose 4*k = -5*h + 5971, 18*k + h = 26*k - 11865. What is the remainder when k is divided by 9?
8
Suppose 0 = 6*l - 14*l + 56. Suppose 2*u = -4*z + 2248, -5*z + 2810 = 5*u - l*u. What is the remainder when z is divided by 47?
45
What is the remainder when (5 - 1)/(68/969) is divided by 11?
2
Let w = 9228 + -8204. Calculate the remainder when w is divided by 339.
7
Calculate the remainder when 6940 is divided by (35 - 28)*9248/28.
4
Suppose 0 = 3*k + 12, -6*k = -3*p - 7*k + 3008. Let r = 1082 - p. What is the remainder when r is divided by 66?
12
Suppose -253 = 10*b - 1413. Let a(z) = z**3 - 5*z**2 + 5. Let n be a(5). Let r(p) = p**3 - 4*p**2 + 2*p + 4. What is the remainder when b is divided by r(n)?
38
Let i = -9818 - -10090. What is the remainder when i is divided by 22?
8
Suppose 187*o = 16122 + 9684. What is the remainder when o is divided by 134?
4
Let n = 9988 - 9893. Calculate the remainder when n is divided by 93.
2
Suppose 2*a - 32 - 70 = -3*o, 4*o = a + 147. Calculate the remainder when o is divided by 238/(-2023) - ((-2064)/68)/3.
6
Suppose -1146 = -5*u - 175*c + 178*c, 5*u - 1134 = -3*c. Calculate the remainder when u is divided by 23.
21
Suppose -3*c + 0*c + 54 = 5*n, 0 = 2*n + 3*c - 27. Suppose 3*g = i + 109, 2*i = 11*g + 3*i - 423. What is the remainder when g is divided by n?
2
Suppose 0 = 4*z - 2*z - 390. Let y be 21606/208 + 2/16. Suppose y*t = 100*t + 112. What is the remainder when z is divided by t?
27
Let m(v) = -9*v**3 + v**2 - 5*v. Let z be m(-4). Suppose 40*i - 22*i = z. What is the remainder when 133 is divided by i?
31
Let w(n) = 9*n - 15. Let v be w(2). What is the remainder when 1/((-4)/(-2292)*v) is divided by 97?
94
Let z(a) = -a**3 - 10*a**2 - 2*a - 6. Let k be (0 - (-10)/6)*(1 - 7). What is the remainder when z(k) is divided by (2/(-5))/((-2)/60)?
2
Calculate the remainder when (22 - 540/1)*1/(-2) is divided by 2.
1
Let l(g) = -4 - 17*g**2 + 30*g**2 + 58*g - 59*g. What is the remainder when l(-3) is divided by 60?
56
Let o(y) = -3*y + 8. Let b be o(10). Let f = -18 - b. Suppose -7*p + 3*p + f*t = -104, 3*t = -4*p + 125. Calculate the remainder when p is divided by 17.
12
Let f(o) = 326*o + 338*o + o**3 + 25 - 12*o**2 - 659*o. Calculate the remainder when 1103 is divided by f(12).
83
Suppose -3*c - k + 161 = 0, 0 = -c - 2*k + 78 - 21. Suppose -5*w - 2*s + 45 = 0, -4*w = -0*w - 3*s - 13. Calculate the remainder when c is divided by w.
4
Let t = -59 + 71. Calculate the remainder when 249 is divided by 6/t + 284/8.
33
Let k = 185 - 76. Let a(r) = 393*r + 28705. Calculate the remainder when k is divided by a(-73).
13
Let g(n) = -n**3 + 3*n**2 + 28*n + 11. What is the remainder when 153 is divided by g(-5)?
11
Let k = 45 + -50. Let f(s) = -s**2 + 2*s + 5. Let v be f(k). Let r = v - -41. What is the remainder when 20 is divided by r?
9
Let w = -19933 - -19986. Calculate the remainder when w is divided by 27.
26
Let z(h) = 184*h**2 + 22*h + 48. Let j be z(-2). Let x = -675 + j. What is the remainder when x is divided by 24?
17
Let r(l) = l**3 + 11*l**2 + 11*l - 18. Let a be r(-10). Let q = 78 + a. Suppose 6*i = i + 3*z + 100, -i - 4*z = 3. What is the remainder when q is divided by i?
16
Suppose 73*g + 317 - 2902 = 62*g. What is the remainder when 486 is divided by g?
16
Suppose 3*d - 4*f + 398 = 0, -2*d - 3*f + 0*f - 271 = 0. Let g = -112 - d. What is the remainder when g is divided by 7?
1
Let a(t) be the first derivative of t**4/4 - 26*t**3/3 + 5*t**2/2 - 16*t - 32. Let j be a(26). What is the remainder when 72 is divided by (j/24)/((-2)/(-8))?
15
What is the remainder when 223 is divided by 49/(-3)*(-13 - -7 - 0)?
27
What is the remainder when 139 is divided by (16 - 4872/(-105)) + (-3)/(-5)?
13
Let v(a) = -a**2 - 14*a - 46. Let u(c) = c**3 + 8*c**2 + 6*c - 14. Let d be u(-7). Calculate the remainder when 17 is divided by v(d).
2
Let d(f) be the first derivative of -8 + 7*f**2 - f - 1/4*f**4 + 11/3*f**3. Calculate the remainder when 43 is divided by d(12).
20
Suppose -38*c = -39*c + 4. Suppose 8*u - 20 = -3*k + 4*u, -k - 4*u + c = 0. What is the remainder when 71 is divided by k?
7
Let j(h) = 23*h - 530. What is the remainder when 8431 is divided by j(26)?
67
Suppose 0 = 28*n - 3861 - 11 - 1924. What is the remainder when 1022 is divided by n?
194
Suppose -2*d + 9*d = 8*d - 1493. Calculate the remainder when d is divided by 18.
17
Let o = -15098 - -15766. Calculate the remainder when o is divided by 39.
5
Suppose 2*z = 3*z + 4. Let a(c) = -c + 9. Let n(y) = y - 8. Let r(u) = z*a(u) - 3*n(u). Calculate the remainder when r(23) is divided by 7.
4
Suppose -5*j - 24 = -13*j. Suppose j*m - 3*r - 612 = 0, 2*m - 2*r + r - 411 = 0. What is the remainder when m is divided by 35?
32
Let y(z) = z**2 + 5*z - 45. Let l(p) = -p**3 + 6*p**2 - 7*p + 4. Let g be l(7). Let k = g + 134. What is the remainder when k is divided by y(6)?
19
Calculate the remainder when 0*(-3 - -4) - (-7497)/17 is divided by 140.
21
Let t(a) = -a + 74. Let r(h) = h - 73. Let l(j) = 2*r(j) + 3*t(j). Let u be l(15). Let q = u - 53. What is the remainder when 13 is divided by q?
5
What is the remainder when 1220 is divided by 440/4 + (-8 - -10)/((-2)/8)?
98
Let a = 453 + 193. Let k = 1178 - a. Suppose 11*i = -103 + k. Calculate the remainder when i is divided by 26.
13
Let p = 400 - 400. Suppose 2*x - 13*x + 176 = p. Calculate the remainder when (-1)/4 - 1002/(-8) is divided by x.
13
Let m = 105 - 27. Let h(j) = 3455*j + 79473. Calculate the remainder when m is divided by h(-23).
6
Let b = -21366 - -21389. Let z(o) = -o - 2*o**2 + 0*o + 3*o**2. Calculate the remainder when z(10) is divided by b.
21
Suppose 3*z = -3*z + 12. Suppose -4*m - 2*x = -164, -2*m - z*x + 119 = 37. What is the remainder when 72 is divided by m?
31
Suppose 1517 = 22*i - 14*i + 33*i. Suppose 26 = -2*z + 4*z + u, -5*z = -u - 65. What is the remainder when i is divided by z?
11
Suppose 2*m = 2*o - 1832, -437*o - 2*m = -441*o + 3666. What is the remainder when o is divided by 32?
21
Suppose 0 = -4*v - f + 305, 3*v = 2*f + 90 + 147. What is the remainder when 284 is divided by v?
53
Calculate the remainder when 749 is divided by (1 - -1)/(6352/(-912) - -7).
8
Let u be 1/((-2)/(-54)) + -2. Suppose -64 = -5*p - 27*n + 25*n, 2*p + n - u = 0. Calculate the remainder when 93 is divided by p.
9
Suppose -2*j + 15 = -3*i, -4*i - 1 = 2*j - 51. Suppose -32*b + 31*b = -56. What is the remainder when b is divided by j?
11
Suppose 0 = -q - 3*f - 68, 3*q - 5*f - 192 = 6*q. Let x = q + 59. Suppose 5*l = 4*l + t + 53, x = 2*t + 8. What is the remainder when 145 is divided by l?
47
Suppose 0 = -2*j - i + 45, 0*i + 39 = 2*j + 3*i. What is the remainder when ((-1)/(-2))/((-15)/(-3420)) is divided by j?
18
Let j = 9 + 1013. What is the remainder when j is divided by 11?
10
Let n = -5401 + 5417. Let o = 83 - 55. Calculate the remainder when o is divided by n.
12
Let c(w) = w**3 + 8*w**2 - 8*w + 5. Let t be c(3). Suppose -5*p + 5*g +